
9
What is the millions digit of 69192008?
9
What is the billions digit of 1395266446?
1
What is the hundred thousands digit of 4333836691?
8
What is the units digit of 86910907?
7
What is the hundreds digit of 378338338?
3
What is the millions digit of 220724973?
0
What is the hundred thousands digit of 89299140?
2
What is the tens digit of 1345731452?
5
What is the millions digit of 24245307?
4
What is the millions digit of 74271395?
4
What is the thousands digit of 142486432?
6
What is the millions digit of 212576868?
2
What is the ten thousands digit of 7846926?
4
What is the millions digit of 52792507?
2
What is the tens digit of 202975699?
9
What is the hundred thousands digit of 53755115?
7
What is the hundreds digit of 33733496?
4
What is the billions digit of 7158823489?
7
What is the thousands digit of 631124915?
4
What is the hundred millions digit of 2046039617?
0
What is the thousands digit of 159145335?
5
What is the millions digit of 68066999?
8
What is the ten millions digit of 57243421?
5
What is the units digit of 2593997767?
7
What is the ten millions digit of 24769391?
2
What is the millions digit of 630072411?
0
What is the hundred thousands digit of 1202993314?
9
What is the millions digit of 68514303?
8
What is the hundred thousands digit of 34162287?
1
What is the ten millions digit of 64405851?
6
What is the ten thousands digit of 55376612?
7
What is the ten millions digit of 853139864?
5
What is the millions digit of 32960317?
2
What is the thousands digit of 17286574?
6
What is the hundred thousands digit of 456842448?
8
What is the hundreds digit of 323277512?
5
What is the ten thousands digit of 96975565?
7
What is the tens digit of 52624421?
2
What is the ten millions digit of 1414097418?
1
What is the ten millions digit of 1800444879?
0
What is the ten millions digit of 201615926?
0
What is the units digit of 117962163?
3
What is the units digit of 124259952?
2
What is the units digit of 1128652570?
0
What is the millions digit of 3235492?
3
What is the hundred thousands digit of 380513598?
5
What is the ten millions digit of 80125287?
8
What is the thousands digit of 2460246132?
6
What is the ten millions digit of 701423298?
0
What is the millions digit of 743389094?
3
What is the tens digit of 328270273?
7
What is the hundreds digit of 2505012515?
5
What is the hundred millions digit of 7304319129?
3
What is the millions digit of 7195101415?
5
What is the thousands digit of 283944980?
4
What is the tens digit of 4147666077?
7
What is the thousands digit of 465446639?
6
What is the thousands digit of 123465227?
5
What is the millions digit of 1416188?
1
What is the millions digit of 111050996?
1
What is the ten thousands digit of 359845533?
4
What is the hundred thousands digit of 30451730?
4
What is the thousands digit of 2431312687?
2
What is the billions digit of 2255322447?
2
What is the ten thousands digit of 1345627619?
2
What is the ten thousands digit of 144222464?
2
What is the ten millions digit of 78944311?
7
What is the hundred millions digit of 1111190981?
1
What is the ten millions digit of 627142048?
2
What is the thousands digit of 736842325?
2
What is the ten millions digit of 1684313357?
8
What is the hundred thousands digit of 2848345350?
3
What is the millions digit of 2489728887?
9
What is the ten thousands digit of 267482117?
8
What is the units digit of 995220032?
2
What is the thousands digit of 499024994?
4
What is the millions digit of 42736674?
2
What is the ten thousands digit of 333327890?
2
What is the tens digit of 46124123?
2
What is the ten thousands digit of 394430819?
3
What is the ten millions digit of 2925029946?
2
What is the hundred thousands digit of 92613191?
6
What is the ten thousands digit of 482421821?
2
What is the ten thousands digit of 3945181039?
8
What is the ten thousands digit of 223175783?
7
What is the thousands digit of 121171874?
1
What is the units digit of 1775633910?
0
What is the units digit of 1989165?
5
What is the millions digit of 3355431?
3
What is the thousands digit of 685315050?
5
What is the thousands digit of 2397634722?
4
What is the hundred thousands digit of 289002935?
0
What is the units digit of 174385791?
1
What is the hundred millions digit of 664010518?
6
What is the millions digit of 776982154?
6
What is the millions digit of 106200543?
6
What is the hundreds digit of 1025096?
0
What is the units digit of 185915674?
4
What is the millions digit of 65678508?
5
What is the thousands digit of 182821181?
1
What is the tens digit of 5242953?
5
What is the hundred thousands digit of 22100843?
1
What is the ten thousands digit of 95501624?
0
What is the tens digit of 999578127?
2
What is the millions digit of 50003843?
0
What is the hundred thousands digit of 13868446?
8
What is the hundred thousands digit of 212644332?
6
What is the hundred thousands digit of 734071361?
0
What is the tens digit of 1774694599?
9
What is the units digit of 378811960?
0
What is the hundred thousands digit of 4066069294?
0
What is the hundred thousands digit of 1674755855?
7
What is the hundred thousands digit of 161535769?
5
What is the millions digit of 47661513?
7
What is the hundreds digit of 38191948?
9
What is the units digit of 91249694?
4
What is the millions digit of 16585311?
6
What is the millions digit of 59259850?
9
What is the hundred thousands digit of 1150292893?
2
What is the millions digit of 721938927?
1
What is the thousands digit of 12983146?
3
What is the units digit of 2342499221?
1
What is the ten thousands digit of 53696877?
9
What is the billions digit of 2266856717?
2
What is the ten thousands digit of 30542674?
4
What is the hundreds digit of 8612616224?
2
What is the billions digit of 1941013901?
1
What is the millions digit of 3205079083?
5
What is the hundreds digit of 944561328?
3
What is the hundreds digit of 7483981237?
2
What is the hundred thousands digit of 144800267?
8
What is the ten millions digit of 112697612?
1
What is the ten thousands digit of 319265748?
6
What is the ten millions digit of 2043319008?
4
What is the hundred thousands digit of 69432235?
4
What is the thousands digit of 698447024?
7
What is the hundreds digit of 188627921?
9
What is the hundred millions digit of 129364361?
1
What is the ten thousands digit of 422111553?
1
What is the millions digit of 37619379?
7
What is the hundreds digit of 2370818175?
1
What is the millions digit of 44614840?
4
What is the millions digit of 571052525?
1
What is the millions digit of 2332302996?
2
What is the hundred thousands digit of 66657183?
6
What is the ten thousands digit of 56348533?
4
What is the hundred thousands digit of 1525185376?
1
What is the ten thousands digit of 705214622?
1
What is the units digit of 41299436?
6
What is the units digit of 79845907?
7
What is the hundreds digit of 429603969?
9
What is the tens digit of 8676420?
2
What is the ten thousands digit of 96689342?
8
What is the millions digit of 358497983?
8
What is the ten millions digit of 148490497?
4
What is the hundred millions digit of 116724655?
1
What is the millions digit of 7131155241?
1
What is the thousands digit of 982368284?
8
What is the hundreds digit of 116460459?
4
What is the millions digit of 309903424?
9
What is the tens digit of 352821812?
1
What is the hundred millions digit of 248391712?
2
What is the hundred millions digit of 1109812761?
1
What is the hundreds digit of 251648060?
0
What is the ten thousands digit of 49692263?
9
What is the thousands digit of 7471674?
1
What is the hundred thousands digit of 171860592?
8
What is the billions digit of 1150366004?
1
What is the hundred thousands digit of 7019331?
0
What is the hundred millions digit of 450855645?
4
What is the units digit of 1630925872?
2
What is the tens digit of 6479426018?
1
What is the ten thousands digit of 46544747?
4
What is the tens digit of 1186472888?
8
What is the ten millions digit of 1576541006?
7
What is the thousands digit of 1761995287?
5
What is the tens digit of 123150587?
8
What is the thousands digit of 2490106596?
6
What is the tens digit of 1627407796?
9
What is the hundred thousands digit of 444291702?
2
What is the hundred millions digit of 1864247148?
8
What is the hundred 